he remainder when q/6*(-1 - -11) is divided by 13?
12
Suppose 3*x - 2*h - 65 = 3*h, -x - 3*h + 45 = 0. What is the remainder when 58 is divided by x?
28
Let f(u) = -3*u - 7. Let p be f(-3). Let d be -2 + 0 - (-4)/2. Suppose -p*l - 3*l + 25 = d. What is the remainder when 9 is divided by l?
4
Calculate the remainder when -43*(8/(-10) - (-3)/(-15)) is divided by 4.
3
Let o = 8 + -5. Suppose 0 = j + o*j - 44. What is the remainder when j is divided by 4?
3
Let m(r) = -4*r. Let q(h) = -2*h + 2. Let b be q(2). Calculate the remainder when 23 is divided by m(b).
7
Suppose -2*f = -4*j + 12, -f + 4 = 3*j - 5*f. Calculate the remainder when j is divided by 3.
1
Let x = -6 + 10. Suppose -x*g + 7*g - 44 = -t, 5*g - 85 = -2*t. Suppose -2*m + 3*m + z = t, -2*m - 5*z = -67. What is the remainder when m is divided by 19?
17
Suppose 3 = 3*k - 2*k. Suppose 0 = k*y - 18 - 21. Suppose r = 13 + 25. Calculate the remainder when r is divided by y.
12
Let v(x) = -x**2 + 3*x - 4. Let d be v(-6). Let n = -27 - d. What is the remainder when n is divided by 11?
9
Suppose -4*b - 62 = 2*i - 274, -5*i = -3*b - 491. What is the remainder when i is divided by 26?
22
Suppose -76 = 3*i + i. Let z = i + 37. Calculate the remainder when 35 is divided by z.
17
Let x be (-47)/(-3) - 6/9. Calculate the remainder when 71 is divided by (-48)/x*30/(-4).
23
Let g = 9 + 78. What is the remainder when g is divided by 11?
10
Let r = 9 - 4. Suppose -5*s - 2*o = -7*o - 325, -r*o = 4*s - 233. What is the remainder when s is divided by 16?
14
Let t(m) = m + 5. Suppose -n + 4 = -2*n. Let b be t(n). Calculate the remainder when 20 is divided by (2 + (-1)/b)*11.
9
Let l(t) = -t + 1. Let j be l(1). Let q(p) = p**2 + 3*p + 4. Calculate the remainder when q(-4) is divided by 3/(1 + j + 0).
2
Let s(v) = -v**3 - v**2 + 16. Let t be s(0). What is the remainder when 16 is divided by (t/(-40))/(2/(-30))?
4
Let b(w) = -w**2 - 14*w - 20. What is the remainder when 122 is divided by b(-9)?
22
Let t(w) = 4*w**2 + 3*w - 4. What is the remainder when 93 is divided by t(-4)?
45
Suppose 0 = -2*a + 3*m + 154, -3*m - 5 - 1 = 0. Let z = -39 + 58. Calculate the remainder when a is divided by z.
17
Suppose -2*t - 3*c = -18, -5*t - 6*c = -3*c - 63. Calculate the remainder when 87 is divided by t.
12
Calculate the remainder when ((-1)/(-3)*-2)/((-20)/840) is divided by 17.
11
Let o be ((-7)/2)/((-4)/8). Let l be (1 - o)*1/(-2). Suppose 68 = l*p + 5. What is the remainder when p is divided by 11?
10
Let v be 2/7 - 2724/(-21). Suppose -4*d = -5*l - v, 5*l - 84 - 31 = -3*d. Let f = d - 20. What is the remainder when 43 is divided by f?
13
Let j(q) = -q - 2. Let z be j(-5). Suppose -2*d - 5*i - 31 = 0, -5*i - 10 = -z*d - 2*d. Calculate the remainder when 7 is divided by 1 + (3 - 3) - d.
3
Suppose 5*d - 20 = -5. Suppose 2*y = c + 7, 5*c - d*c + 8 = -2*y. What is the remainder when 7 is divided by c/(-10) - 14/(-4)?
3
Suppose -x - 3*x + 164 = 0. What is the remainder when x is divided by 22?
19
Let c(w) = 9*w**2 - 2*w - 2. Let j be c(-2). Suppose -2*r + j = -5*a, 9*a - 4*a + 19 = r. What is the remainder when r is divided by 5?
4
Let o = 12 - -7. What is the remainder when 37 is divided by o?
18
Suppose -5*w + 5*t + 30 = 0, -5*w + 2*t = 5*t - 14. Suppose -2*y - w = -26. What is the remainder when 19 is divided by y?
8
Let z(w) = -17*w - 1. Let d be z(-4). Let l = 141 - d. Calculate the remainder when l is divided by 25.
24
Let l = -21 + 45. What is the remainder when 215 is divided by l?
23
Let h(u) = -u**2 + 6*u - 4. Calculate the remainder when h(4) is divided by 2.
0
Let q = 62 + -25. Suppose 0 = 2*v - 17 - q. Suppose -2*p + 15 = -p. Calculate the remainder when v is divided by p.
12
Let q(v) = -9*v**3 + v - 1. Calculate the remainder when q(-2) is divided by 24.
21
Suppose -10 = -3*v + 11. Let y = 11 - v. What is the remainder when 7 is divided by y?
3
Suppose 8*j - 3*j = 35. Let x(z) = 4*z - 5. Calculate the remainder when x(j) is divided by 6.
5
Let l be (2/4)/((-8)/(-208)). Let g = 3 + l. Suppose -3*k - 4*z + 14 + 9 = 0, 3*z = -2*k + g. What is the remainder when k is divided by 4?
1
Let a(n) = n + 30. Calculate the remainder when a(0) is divided by 8.
6
Suppose h + 16 = 2*d - 19, 2*d + 2*h - 20 = 0. Let q(w) = w**3 - 15*w**2 + 20. What is the remainder when 37 is divided by q(d)?
17
Let f = -7 - -10. Suppose -z - 2 = -2*b - 0, f*b - 25 = -4*z. Let m = 20 + -13. Calculate the remainder when m is divided by b.
1
What is the remainder when (-45)/(4 - (7 + -2)) is divided by 12?
9
Let a(m) = -m**3 + 8*m**2 - 7*m - 11. Calculate the remainder when 74 is divided by a(6).
17
Let f be (-36)/12*(-4)/(-3). Calculate the remainder when 18 is divided by (f/16)/((-2)/56).
4
Let m(k) = k**3 - k**2 - k. Let z = -4 - -6. Let t be m(z). What is the remainder when 37 is divided by (-13)/(-2)*t*1?
11
Suppose 0 = -0*k + 2*k. Suppose -g = 3*z - 12, g + 5*z = -k*z + 12. What is the remainder when g is divided by 7?
5
Let q(h) = h**3 + 5*h**2 - 8*h + 3. Let g be q(-6). Suppose -12*r + g*r = 15. What is the remainder when r is divided by 3?
2
Let q = 121 + 9. What is the remainder when q is divided by 33?
31
Calculate the remainder when 11 is divided by (-36)/(-27)*6/4.
1
Suppose -113 = -k - 2. Calculate the remainder when k is divided by 38.
35
Suppose 3*k - 5 = 13. Calculate the remainder when 22 is divided by k.
4
Let g = -7 + 13. Suppose 0 = 3*z + g - 18. Suppose -h = 2*h - 6. Calculate the remainder when z is divided by h.
0
Suppose 6*n - 3*n - 9 = 0. Suppose 2*k + 3 = -n*a, k + 2*k = -4*a - 2. Suppose 0 = 2*d + 2*o - k, 2 + 3 = 5*o. What is the remainder when d is divided by 1?
0
Let r(d) = -d - 6. Let g = 5 - 13. Calculate the remainder when 0 - (-18)/3*1 is divided by r(g).
0
Let i(s) = -3*s**3 - 3*s**2 + 2*s - 2. What is the remainder when i(-3) is divided by (-12)/10*40/(-3)?
14
Suppose 6*h - 96 = -0*h. What is the remainder when h is divided by 6?
4
Let l = 1 - 1. Let a = -16 + 21. Suppose -2*q - 5*t = -8 + 2, -a*t = l. Calculate the remainder when q is divided by 2.
1
Let j(q) = 3 - 7*q**2 - 6 - q**3 + 0 + 3*q - 11*q. Let p(d) = 17*d**3 - 2*d**2 + 1. What is the remainder when p(1) is divided by j(-6)?
7
Suppose -2*c + 6 = 4*y, -2*y + 10 = -2*c - 2. Calculate the remainder when 9 is divided by y.
0
Let g be 1 + -1 - 24/3. Let b = -3 - g. What is the remainder when b is divided by 4?
1
Let h(u) = -u - 2. Suppose -5*a + 20 = 0, 4*a - 2 - 39 = 5*v. Calculate the remainder when 4 is divided by h(v).
1
Calculate the remainder when (482*(-3)/24)/((-1)/4) is divided by 61.
58
Let r(b) = b**2 + 6*b + 4. What is the remainder when 21 is divided by r(-7)?
10
Suppose o + 1 = -4*b + 7, 0 = -5*b. Let p(j) be the third derivative of j**4/12 - 4*j**3/3 + 2*j**2. Calculate the remainder when 11 is divided by p(o).
3
Let n(k) be the first derivative of k**2/2 + 2*k - 2. Calculate the remainder when 3 is divided by n(0).
1
Suppose 6*c - 11*c = -20. What is the remainder when 7 - (3 - 2)*0 is divided by c?
3
Suppose -945 = -2*x - 5*x. What is the remainder when x is divided by 23?
20
Suppose -4*w - 4*q - q = -33, -2*w - 3*q = -17. Suppose 51 = 2*z + 15. What is the remainder when z is divided by w?
4
Let t(a) = a**3 + 28*a**2 - 4*a - 13. What is the remainder when t(-28) is divided by 20?
19
Let m = 0 - 2. Let l be -3 + (-2)/m + -1. Calculate the remainder when 2 is divided by (1 + l + 0)*-1.
0
Suppose -2*z = -24 - 72. Let c = z + -4. Calculate the remainder when c is divided by 15.
14
Suppose 0 = 190*g - 193*g + 30. Suppose 0*k + k = 39. What is the remainder when k is divided by g?
9
Suppose 3*l = o + 47, -2*o - 84 = -4*l - 6*o. Calculate the remainder when 49 is divided by l.
15
Let y(z) = -z**3 + 7*z**2 - 4*z - 8. Let o be y(6). Suppose v + o*v = 30. Suppose 0 = 2*c - v*c + 60. Calculate the remainder when 44 is divided by c.
14
Let f(u) = u**3 + 4*u**2 - 4*u + 11. What is the remainder when f(-5) is divided by 1?
0
Let g = 9 - -1. Let i = 8 + g. Calculate the remainder when i is divided by 10.
8
Suppose -4*r + 20 = 4*g, -2*g = 4*r - r - 14. What is the remainder when (-6)/4*(-5 + 3) is divided by (1 - (-1 - 0))*g?
1
Suppose 5*r + 5 = -10. Let n = r - -44. What is the remainder when n is divided by 14?
13
Let f(w) = -w**2 + 4*w. Let o be